{"id":17,"date":"2017-01-16T10:37:18","date_gmt":"2017-01-16T09:37:18","guid":{"rendered":"http:\/\/www.gustav-und-co.de\/?page_id=17"},"modified":"2020-11-29T17:05:06","modified_gmt":"2020-11-29T16:05:06","slug":"leitsaetze","status":"publish","type":"page","link":"https:\/\/www.schule-niepars.de\/?page_id=17","title":{"rendered":"Leits\u00e4tze f\u00fcr unsere Schule"},"content":{"rendered":"<h2>Wir sind eine Ganztagsschule im Gr\u00fcnen mit festen Traditionen.<\/h2>\n<p><img decoding=\"async\" src=\"https:\/\/www.schule-niepars.de\/wp-content\/uploads\/2017\/03\/leitsatz1-e1588518420905.jpg\" alt=\"\" align=\"right\" \/>1973 wurde die Schule auf den Namen &#8222;Clara Zetkin&#8220; getauft. Unter diesem Namen existierte die Schule Niepars als Polytechnische Oberschule bis zum Jahr 1990. Als im Jahr 1990 die Au\u00dfenfassade der Schule erneuert wurde, fasste die Gemeindevertretung den Beschluss, den Namen nicht weiter zu verwenden. Die Schule bekam den Namen &#8222;Realschule Niepars&#8220;. In der Folgezeit wurde in einem Gremium aus Kunst- und Geschichtslehrern, Gemeindevertretern und Verwaltungsangestellten nach einer w\u00fcrdigen Person aus dem Genre Kunst bzw. Kultur oder Politik gesucht, die einen unmittelbaren Bezug zur Region hatte und somit f\u00fcr den Namenszug geeignet erschien. Schlie\u00dflich konnte man sich auf den Namen &#8222;Professor Gustav Pflugradt&#8220; festlegen.<\/p>\n<p>Gustav Pflugradt war ein sp\u00e4tromantischer Maler und Verwandter Caspar David Friedrichs, der in unserer Region lebte und wirkte und auf dem Friedhof in P\u00fctte begraben liegt.<br \/>\nAm 17.09.1998 wurde in einer Festzeremonie der Verbundenen Haupt- und Realschule mit Grundschule Niepars der Name &#8222;Professor-Gustav-Pflugradt-Realschule&#8220; verliehen. Im Beisein einer Nachfahrin Pflugradts wurde vom Kunstsammler Sanit\u00e4tsrat Dr. Otto Peters aus Greifswald die Laudatio verlesen. Frau Dr. Angela Merkel vollzog die feierliche Enth\u00fcllung des Namenszuges an der Fassade der Schule.<\/p>\n<p>Heute lernen unsere Sch\u00fclerInnen in der Regionalen Schule mit Grundschule Niepars &#8222;Professor Gustav Pflugradt&#8220;.<\/p>\n<h2>Wir gestalten einen praxisorientierten, fach\u00fcbergreifenden und berufsvorbereitenden Unterricht und f\u00f6rdern die individuelle Entwicklung unserer Sch\u00fcler.<\/h2>\n<p><img decoding=\"async\" src=\"https:\/\/www.schule-niepars.de\/wp-content\/uploads\/2017\/03\/leitsatz2-e1588518850362.jpg\" alt=\"\" align=\"right\" \/><\/p>\n<ul>\n<li>Zirkusprojekt, Selbstverteidigung\/Karate<\/li>\n<li>Geografische K\u00fcstenexkursion nach Sassnitz<\/li>\n<li>Projekttage in das Meeresmuseum und Ozeaneum<\/li>\n<li>Projekt &#8222;Mittelalterliche Stadt&#8220; in Stralsund<\/li>\n<li>Antifaschismus-Projekt in Berlin<\/li>\n<li>Biologische Exkursion<\/li>\n<li>Medienprojekte<\/li>\n<li>Sozialkunde-Projekt &#8222;Gericht&#8220;<\/li>\n<li>Musicalbesuche in Hamburg\/Berlin<\/li>\n<li>Teilnahme an schul\u00fcbergreifenden Wettbewerben<\/li>\n<li>Unser Titel &#8222;Starke Schule&#8220; steht f\u00fcr hohe Anspr\u00fcche und Qualit\u00e4t beim Erreichen der Ausbildungsreife unserer Sch\u00fclerInnen.<\/li>\n<li>Arbeit mit dem Berufswahlpass<\/li>\n<li>schulinterne Berufsmesse und Besuch \u00fcberregionaler Berufsmessen (u.a. vocatium, jobfactory)<\/li>\n<li>Berufseinstiegsbegleitung ausgew\u00e4hlter Sch\u00fcler<\/li>\n<li>Betriebspraktika (insgesamt 5 Wochen verteilt auf 3 Schuljahre)<\/li>\n<li>Bewerber-Training, \u00dcbung von Vorstellungsgespr\u00e4chen, Ausbildungsvertrag<\/li>\n<\/ul>\n<h2>Wir arbeiten im Unterricht mit analogen und digitalen Medien und bef\u00e4higen alle Beteiligten zum zielgerichteten und sicheren Umgang mit diesen.<\/h2>\n<ul>\n<li>Teilnahme an den Schulkinotagen<\/li>\n<li>Theaterworkshops<\/li>\n<li>Vorlesewettbewerbe<\/li>\n<li>Zeitungsprojekt \u201eMedien an der Schule\u201c<\/li>\n<li>\u201eAnne Frank-Projekt\u201c<\/li>\n<li>umfangreiche Vorbereitung der Jahresarbeit<\/li>\n<\/ul>\n<h2>Wir \u00fcbertragen unseren Sch\u00fclerInnen Verantwortung und unterst\u00fctzen sie bei einer gewaltfreien Konfliktl\u00f6sung.<\/h2>\n<ul>\n<li><img decoding=\"async\" src=\"https:\/\/www.schule-niepars.de\/wp-content\/uploads\/2017\/03\/leitsatz3-e1588520176459.jpg\" alt=\"\" align=\"right\" \/>Um soziale Kompetenzen zu erlangen, engagieren sich unsere Sch\u00fclerInnen in verschiedenen Projekten.<\/li>\n<li>Streitschlichter unterst\u00fctzen die Sch\u00fclerInnen bei der gewaltfreien Konfliktl\u00f6sung und sind in jeder Klassenstufe vertreten.<\/li>\n<li>Klassensprecher organisieren Veranstaltungen, z.B. das Kinderfest f\u00fcr die Grundschule und tragen durch ihre Arbeit zur stetigen Verbesserung des Schulklimas bei.<\/li>\n<li>Busbegleiter betreuen unsere Sch\u00fclerInnen w\u00e4hrend der Busfahrt.<\/li>\n<li>Das Anti-Gewalt-Training dient zum Abbau von Aggressionen.<\/li>\n<li>Pr\u00e4ventionsprojekte finden mehrmals im Jahr f\u00fcr die verschiedenen Klassenstufen statt, z.B. zu den Themen Drogen, Sucht, Gewalt, Mobbing, Medien, Babybedenkzeit, &#8222;Mein K\u00f6rper geh\u00f6rt mir&#8220;.<\/li>\n<li>Soziales Lernen vermittelt soziale Kompetenzen in allen Klassenstufen ab Klasse 5.<\/li>\n<li>Die Mitglieder unserer Sch\u00fclerfirma sind verantwortlich f\u00fcr die Vermarktung und Verarbeitung der Schulgartenprodukte.<\/li>\n<\/ul>\n<h2>Wir arbeiten mit vielen Partnern zukunftsorientiert zusammen.<\/h2>\n<p><img decoding=\"async\" src=\"https:\/\/www.schule-niepars.de\/wp-content\/uploads\/2017\/03\/leitsatz4-e1588520523386.jpg\" alt=\"\" align=\"right\" \/>Bei der Umsetzung und Ausgestaltung unserer vielf\u00e4ltigen Projekte und Aktivit\u00e4ten werden wir von zahlreichen engagierten Partnern unterst\u00fctzt. Unser Dank f\u00fcr Ihren unerm\u00fcdlichen Einsatz im Interesse unserer Kinder und Jugendlichen gilt in diesem Zusammenhang:<\/p>\n<ul>\n<li>der Gemeinde Niepars als Schultr\u00e4ger<\/li>\n<li>den Gemeinden Skurup (Schweden) und Zaleszany (Polen) als Partner unseres Sch\u00fcleraustausches<\/li>\n<li>den Mitarbeitern des Jugendhauses Storchennest e.V., des Kreisdiakonischen Werkes und des Cham\u00e4leon e.V. f\u00fcr alle Aktivit\u00e4ten in der Kinder- und Jugendarbeit<\/li>\n<li>dem StiCer-Theater<\/li>\n<li>den Beamten der Polizei f\u00fcr ihre Verkehrserziehung und Fahrradausbildung<\/li>\n<li>der Freiwilligen Feuerwehr\/Jugendfeuerwehr Niepars<\/li>\n<li>dem Sportverein SV 93 Niepars e.V.<\/li>\n<li>dem Berufsbildungsverein Tribsees e.V.<\/li>\n<li>den regionalen Firmen und Einrichtungen f\u00fcr die Unterst\u00fctzung unserer Berufsmesse und w\u00e4hrend der Betriebspraktika<\/li>\n<li>der Initiative Durchstarten-in-mv.de<\/li>\n<li>dem &#8222;Circus bewegt&#8220;<\/li>\n<li>dem Naturschutzbund Deutschland e.V.<\/li>\n<li>dem Backstein &#8211; Geist und Garten e.V. in Starkow<\/li>\n<\/ul>\n<h2><\/h2>\n<h2><\/h2>\n<h2>Wir sind eine sportbegeisterte Schule und leben gesund.<img decoding=\"async\" src=\"https:\/\/www.schule-niepars.de\/wp-content\/uploads\/2017\/03\/leitsatz5-e1588520794663.jpg\" alt=\"\" align=\"right\" \/><\/h2>\n<p>Hervorragende \u00e4u\u00dfere Bedingungen (u.a. moderne Dreifelder-Turnhalle, gro\u00dfz\u00fcgige Freiluft-Sportanlage) und engagierte SportlehrerInnen sorgen bei uns f\u00fcr ein au\u00dfergew\u00f6hnlich sportliches Schulklima.<\/p>\n<ul>\n<li>regelm\u00e4\u00dfiger Wettbewerb um den Nieparser Fitness-Pass f\u00fcr alle Sch\u00fclerInnen von Klasse 1 bis 10 &#8211; entwickelt und durchgef\u00fchrt von unseren Sportlehrern<\/li>\n<li>aktive Hofpausen auf dem Sportplatz<\/li>\n<li>unterschiedlichste Sport-Arbeitsgemeinschaften mit Unterst\u00fctzung unserer Partner (z.B. Handball, Fu\u00dfball, Basketball usw.)<\/li>\n<\/ul>\n<p>&nbsp;<\/p>\n<p>&nbsp;<\/p>\n<h2><\/h2>\n<h2><\/h2>\n<h2>Wir sind am Erlernen von Fremdsprachen interessiert und pflegen Schulpartnerschaften in Europa.<\/h2>\n<p>Durch das Erlernen moderner Fremdsprachen erm\u00f6glichen wir unseren Sch\u00fclerInnen neue Pers<img decoding=\"async\" src=\"https:\/\/www.schule-niepars.de\/wp-content\/uploads\/2017\/03\/leitsatz6-e1588520990659.jpg\" alt=\"\" align=\"right\" \/>pektiven f\u00fcr die Berufswahl und die aktive Kommunikation mit internationalen Partnern.<\/p>\n<ul>\n<li>Alle Sch\u00fclerInnen erlernen die englische Sprache ab Klasse 3.<\/li>\n<li>Sie \u00fcben einen authentischen Spracherwerb mit Unterst\u00fctzung von Fremdsprachenassistenten.<\/li>\n<li>Ab Klasse 7 besteht die M\u00f6glichkeit zum Erlernen der schwedischen oder franz\u00f6sischen Sprache im Rahmen des Wahlpflichtunterrichtes.<\/li>\n<li>Der &#8222;Tag der Sprachen&#8220; in Klasse 6 dient dem Sammeln von Informationen \u00fcber die zweite Fremdsprache.<\/li>\n<li>Teilnehmer an Schulolympiaden in Englisch, Franz\u00f6sisch, Schwedisch und Russisch und am internationalen Wettbewerb &#8222;The Big Challenge&#8220; stellen ihr K\u00f6nnen unter Beweis.<\/li>\n<li>Sprachreisen nach London und Paris ermuntern zum aktiven Sprachgebrauch.<\/li>\n<li>Die Unterbringung in Gastfamilien macht Landeskunde erlebbar.<\/li>\n<li>Unsere aktiven Schulpartnerschaften gestalten wir durch Sch\u00fcleraustausche und gemeinsame Projekte mit der Macklean Skolan in Schweden und dem polnischen Gymnasium in Zaleszany.<\/li>\n<\/ul>\n","protected":false},"excerpt":{"rendered":"<p>Wir sind eine Ganztagsschule im Gr\u00fcnen mit festen Traditionen. 1973 wurde die Schule auf den Namen &#8222;Clara Zetkin&#8220; getauft. Unter diesem Namen existierte die Schule Niepars als Polytechnische Oberschule bis zum Jahr 1990. Als im Jahr 1990 die Au\u00dfenfassade der Schule erneuert wurde, fasste die Gemeindevertretung den Beschluss, den Namen nicht weiter zu verwenden. Die Schule bekam den Namen &#8222;Realschule Niepars&#8220;. In der Folgezeit wurde in einem Gremium aus Kunst- und Geschichtslehrern, Gemeindevertretern und Verwaltungsangestellten nach einer w\u00fcrdigen Person aus dem Genre Kunst bzw. Kultur oder Politik gesucht, die einen unmittelbaren Bezug zur Region hatte und somit f\u00fcr den Namenszug <a href=\"https:\/\/www.schule-niepars.de\/?page_id=17\" class=\"read-more\">&#8230; Weiterlesen &#8230;<\/a><\/p>\n","protected":false},"author":3,"featured_media":0,"parent":1872,"menu_order":3,"comment_status":"closed","ping_status":"closed","template":"","meta":{"footnotes":""},"class_list":["post-17","page","type-page","status-publish","hentry"],"_links":{"self":[{"href":"https:\/\/www.schule-niepars.de\/index.php?rest_route=\/wp\/v2\/pages\/17","targetHints":{"allow":["GET"]}}],"collection":[{"href":"https:\/\/www.schule-niepars.de\/index.php?rest_route=\/wp\/v2\/pages"}],"about":[{"href":"https:\/\/www.schule-niepars.de\/index.php?rest_route=\/wp\/v2\/types\/page"}],"author":[{"embeddable":true,"href":"https:\/\/www.schule-niepars.de\/index.php?rest_route=\/wp\/v2\/users\/3"}],"replies":[{"embeddable":true,"href":"https:\/\/www.schule-niepars.de\/index.php?rest_route=%2Fwp%2Fv2%2Fcomments&post=17"}],"version-history":[{"count":18,"href":"https:\/\/www.schule-niepars.de\/index.php?rest_route=\/wp\/v2\/pages\/17\/revisions"}],"predecessor-version":[{"id":4758,"href":"https:\/\/www.schule-niepars.de\/index.php?rest_route=\/wp\/v2\/pages\/17\/revisions\/4758"}],"up":[{"embeddable":true,"href":"https:\/\/www.schule-niepars.de\/index.php?rest_route=\/wp\/v2\/pages\/1872"}],"wp:attachment":[{"href":"https:\/\/www.schule-niepars.de\/index.php?rest_route=%2Fwp%2Fv2%2Fmedia&parent=17"}],"curies":[{"name":"wp","href":"https:\/\/api.w.org\/{rel}","templated":true}]}}