{"id":2674,"date":"2018-04-26T17:55:20","date_gmt":"2018-04-26T15:55:20","guid":{"rendered":"https:\/\/www.schule-niepars.de\/?page_id=2674"},"modified":"2025-12-15T14:33:36","modified_gmt":"2025-12-15T13:33:36","slug":"impressum-2-2","status":"publish","type":"page","link":"https:\/\/www.schule-niepars.de\/?page_id=2674","title":{"rendered":"Datenschutzerkl\u00e4rung"},"content":{"rendered":"<p>Gem\u00e4\u00df Artikel 13 Abs. 1 und 2 der EU-Datenschutzgrundverordnung (DSGVO) werden Sie an dieser Stelle dar\u00fcber informiert, welche Daten wir von Ihnen bei der Nutzung unserer Internetdienste erheben und verarbeiten.<\/p>\n<ol>\n<li><strong>Datenverarbeitende Stelle<br \/>\n<\/strong>Regionale Schule mit Grundschule Niepars \u201eProf. Gustav Pflugradt\u201c<br \/>\nSchulleiterin Frau B. Berndt<br \/>\nGartenstra\u00dfe 86<br \/>\n18442 Niepars<br \/>\nTelefon: 038321 310<br \/>\nE-Mail: mail@schule-niepars.de<\/li>\n<li><strong>Datenschutzbeauftragter<br \/>\n<\/strong>Zweckverband Elektronische Verwaltung in Mecklenburg-Vorpommern<br \/>\nGemeinsamer Datenschutzbeauftragter an Schulen<br \/>\nHerr Dipl.-P\u00e4d. Lars H\u00f6del<br \/>\nEckdrift 103<br \/>\n19061 Schwerin<br \/>\nTelefon: 03834 3450350<br \/>\nFax: 0385 77334728<br \/>\nE-Mail: <a href=\"mailto:datenschutz-schule@ego-mv.de\">datenschutz-schule@ego-mv.de<\/a><\/li>\n<li><strong>Protokollierung der Nutzung unserer Internetseiten<br \/>\n<\/strong>Unsere Internetseiten dienen der allgemeinen Informationsbereitstellung von Schulinhalten, Ereignissen und Kontaktdaten. Falls Sie sich lediglich informieren m\u00f6chten und selbst keine personenbezogenen Daten in Formular- oder Kontaktfeldern eingeben, erheben wir w\u00e4hrend der Nutzung die folgenden technischen Informationen:<br \/>\n&#8211; Datum und Uhrzeit des Zugriffes<br \/>\n&#8211; abgerufene Unterwebseiten und Dateien<br \/>\n&#8211; Zugriffsstatus des Webservers (Erfolgs- oder Fehlermeldungen)<br \/>\n&#8211; Typ und Version des vom Benutzer verwendeten Browsers<br \/>\n&#8211; Konfiguration des Browsers (Spracheinstellungen, gew\u00fcnschte Dateiformate, etc.)<br \/>\n&#8211; Typ und Version des vom Benutzer verwendeten Betriebssystems<br \/>\n&#8211; Ger\u00e4tetyp (Smartphone, Desktop-PC, Tablet etc.)<br \/>\n&#8211; im Ger\u00e4t eingestellte Zeitzone<br \/>\n&#8211; IP-Adresse<br \/>\n&#8211; Region (Staat und Bundesland)<br \/>\n&#8211; Verweildauer<br \/>\nDiese Daten werden zur Aufrechterhaltung der Funktionsf\u00e4higkeit des Internetangebotes erhoben und im Bedarfsfall zur internen Fehlersuche ausgewertet. Die Verarbeitung erfolgt dabei gem\u00e4\u00df \u00a7 4 Abs. 1 Datenschutzgesetz M-V i.V.m. Art. 6 Abs. 1 lit. e) DSGVO. Die Daten werden f\u00fcr 7 Tage gespeichert und anschlie\u00dfend automatisch gel\u00f6scht. Im Falle eines Angriffes auf unser Internetangebot werden die betreffenden Protokolldaten an die zust\u00e4ndigen Strafverfolgungsbeh\u00f6rden weitergegeben.<\/li>\n<li>A<strong><strong>llgemeiner Hinweis zur Datenverarbeitung in der Schule<br \/>\n<\/strong><\/strong>Im Rahmen unserer Aufgabenerf\u00fcllung verarbeiten wir Ihre personenbezogenen Daten ausschlie\u00dflich f\u00fcr Zwecke, die sich aus einer Rechtsnorm ergeben und zu denen wir verpflichtet oder berechtigt sind (Art. 6 Abs. 1 lit. c) und e) DSGVO i.V.m. beispielsweise \u00a7 70 Schulgesetz MV). Dar\u00fcber hinaus k\u00f6nnen wir personenbezogene Daten aufgrund einer von Ihnen abgegebenen Einwilligungserkl\u00e4rung verarbeiten (Art. 6 Abs. 1 lit. a), Art. 7 f. DSGVO). Wir sind in bestimmten F\u00e4llen gesetzlich berechtigt bzw. verpflichtet, personenbezogene Daten an Dritte zu \u00fcbermitteln (z. B. beim Schulwechsel). Dar\u00fcber hinaus kann eine \u00dcbermittlung auch aufgrund einer Einwilligung erfolgen. Wir speichern Ihre personenbezogenen Daten solange sie zur Aufgabenerf\u00fcllung erforderlich sind. Danach werden die Daten innerhalb einer angemessenen Frist und unter Beachtung der gesetzlichen Aufbewahrungsfristen gel\u00f6scht bzw. vernichtet. Eine l\u00e4ngere Speicherung ist f\u00fcr Archivzwecke zul\u00e4ssig. Informationen zu einzelnen Datenverarbeitungsvorg\u00e4ngen entnehmen Sie bitte den folgenden Hinweisen:- Postanschriften und E-Mail-Adressen, die Sie uns im Rahmen einer Anfrage oder einer Bestellung von Informationsmaterial mitteilen, verwenden wir ausschlie\u00dflich f\u00fcr den Versand bzw. die Korrespondenz mit Ihnen.Eine Weitergabe personenbezogener Daten an Dritte findet in diesem Fall nicht statt.Wenn Sie eine E-Mail mit schutzw\u00fcrdigem Inhalt an uns senden wollen, so empfehlen wir dringend, diese zu verschl\u00fcsseln, um eine unbefugte Kenntnisnahme und Verf\u00e4lschung auf dem \u00dcbertragungsweg zu verhindern. Alternativ k\u00f6nnen Sie uns auch postalisch kontaktieren. Als Betroffener stehen Ihnen die folgenden Rechte zu, soweit die gesetzlichen Voraussetzungen daf\u00fcr erf\u00fcllt sind:<br \/>\n&#8211; Recht auf Auskunft, Art. 15 DSGVO<br \/>\n&#8211; Recht auf Berichtigung, Art. 16 DSGVO<br \/>\n&#8211; Recht auf L\u00f6schung, Art. 17 DSGVO<br \/>\n&#8211; Recht auf Einschr\u00e4nkung der Verarbeitung, Art. 18 DSGVO<br \/>\n&#8211; Recht auf Daten\u00fcbertragbarkeit, Art. 20 DSGVO<br \/>\n&#8211; Widerspruchsrecht, Art. 21 DSGVO<\/li>\n<\/ol>\n<p>Soweit eine Datenverarbeitung auf Ihrer freiwilligen Einwilligung beruht, besitzen Sie das Recht, diese jederzeit mit Wirkung f\u00fcr die Zukunft zu widerrufen.<\/p>\n<p>Sie haben das Recht Beschwerden beim Landesbeauftragten f\u00fcr Datenschutz und Informationsfreiheit Mecklenburg-Vorpommern zu erheben.<br \/>\nPostanschrift:<br \/>\nSchloss Schwerin<br \/>\nLenn\u00e9stra\u00dfe 1<br \/>\n19053 Schwerin<br \/>\nTelefon: 0385 594940<br \/>\nE-Mail: <a href=\"mailto:info@datenschutz-mv.de\">info@datenschutz-mv.de<\/a><br \/>\nInternetauftritt: <a href=\"http:\/\/www.datenschutz-mv.de\">www.datenschutz-mv.de<\/a><\/p>\n","protected":false},"excerpt":{"rendered":"<p>Gem\u00e4\u00df Artikel 13 Abs. 1 und 2 der EU-Datenschutzgrundverordnung (DSGVO) werden Sie an dieser Stelle dar\u00fcber informiert, welche Daten wir von Ihnen bei der Nutzung unserer Internetdienste erheben und verarbeiten. Datenverarbeitende Stelle Regionale Schule mit Grundschule Niepars \u201eProf. Gustav Pflugradt\u201c Schulleiterin Frau B. Berndt Gartenstra\u00dfe 86 18442 Niepars Telefon: 038321 310 E-Mail: mail@schule-niepars.de Datenschutzbeauftragter Zweckverband Elektronische Verwaltung in Mecklenburg-Vorpommern Gemeinsamer Datenschutzbeauftragter an Schulen Herr Dipl.-P\u00e4d. Lars H\u00f6del Eckdrift 103 19061 Schwerin Telefon: 03834 3450350 Fax: 0385 77334728 E-Mail: datenschutz-schule@ego-mv.de Protokollierung der Nutzung unserer Internetseiten Unsere Internetseiten dienen der allgemeinen Informationsbereitstellung von Schulinhalten, Ereignissen und Kontaktdaten. Falls Sie sich lediglich informieren <a href=\"https:\/\/www.schule-niepars.de\/?page_id=2674\" class=\"read-more\">&#8230; Weiterlesen &#8230;<\/a><\/p>\n","protected":false},"author":1,"featured_media":0,"parent":0,"menu_order":30,"comment_status":"closed","ping_status":"closed","template":"","meta":{"footnotes":""},"class_list":["post-2674","page","type-page","status-publish","hentry"],"_links":{"self":[{"href":"https:\/\/www.schule-niepars.de\/index.php?rest_route=\/wp\/v2\/pages\/2674","targetHints":{"allow":["GET"]}}],"collection":[{"href":"https:\/\/www.schule-niepars.de\/index.php?rest_route=\/wp\/v2\/pages"}],"about":[{"href":"https:\/\/www.schule-niepars.de\/index.php?rest_route=\/wp\/v2\/types\/page"}],"author":[{"embeddable":true,"href":"https:\/\/www.schule-niepars.de\/index.php?rest_route=\/wp\/v2\/users\/1"}],"replies":[{"embeddable":true,"href":"https:\/\/www.schule-niepars.de\/index.php?rest_route=%2Fwp%2Fv2%2Fcomments&post=2674"}],"version-history":[{"count":58,"href":"https:\/\/www.schule-niepars.de\/index.php?rest_route=\/wp\/v2\/pages\/2674\/revisions"}],"predecessor-version":[{"id":8080,"href":"https:\/\/www.schule-niepars.de\/index.php?rest_route=\/wp\/v2\/pages\/2674\/revisions\/8080"}],"wp:attachment":[{"href":"https:\/\/www.schule-niepars.de\/index.php?rest_route=%2Fwp%2Fv2%2Fmedia&parent=2674"}],"curies":[{"name":"wp","href":"https:\/\/api.w.org\/{rel}","templated":true}]}}

Datenschutzerklärung

<p>Gemäß Artikel 13 Abs. 1 und 2 der EU-Datenschutzgrundverordnung (DSGVO) werden Sie an dieser Stelle darüber informiert, welche Daten wir von Ihnen bei der Nutzung unserer Internetdienste erheben und verarbeiten.</p>
<ol>
<li><strong>Datenverarbeitende Stelle<br />
</strong>Regionale Schule mit Grundschule Niepars „Prof. Gustav Pflugradt“<br />
Schulleiterin Frau B. Berndt<br />
Gartenstraße 86<br />
18442 Niepars<br />
Telefon: 038321 310<br />
E-Mail: mail@schule-niepars.de</li>
<li><strong>Datenschutzbeauftragter<br />
</strong>Zweckverband Elektronische Verwaltung in Mecklenburg-Vorpommern<br />
Gemeinsamer Datenschutzbeauftragter an Schulen<br />
Herr Dipl.-Päd. Lars Hödel<br />
Eckdrift 103<br />
19061 Schwerin<br />
Telefon: 03834 3450350<br />
Fax: 0385 77334728<br />
E-Mail: <a href="mailto:datenschutz-schule@ego-mv.de">datenschutz-schule@ego-mv.de</a></li>
<li><strong>Protokollierung der Nutzung unserer Internetseiten<br />
</strong>Unsere Internetseiten dienen der allgemeinen Informationsbereitstellung von Schulinhalten, Ereignissen und Kontaktdaten. Falls Sie sich lediglich informieren möchten und selbst keine personenbezogenen Daten in Formular- oder Kontaktfeldern eingeben, erheben wir während der Nutzung die folgenden technischen Informationen:<br />
&#8211; Datum und Uhrzeit des Zugriffes<br />
&#8211; abgerufene Unterwebseiten und Dateien<br />
&#8211; Zugriffsstatus des Webservers (Erfolgs- oder Fehlermeldungen)<br />
&#8211; Typ und Version des vom Benutzer verwendeten Browsers<br />
&#8211; Konfiguration des Browsers (Spracheinstellungen, gewünschte Dateiformate, etc.)<br />
&#8211; Typ und Version des vom Benutzer verwendeten Betriebssystems<br />
&#8211; Gerätetyp (Smartphone, Desktop-PC, Tablet etc.)<br />
&#8211; im Gerät eingestellte Zeitzone<br />
&#8211; IP-Adresse<br />
&#8211; Region (Staat und Bundesland)<br />
&#8211; Verweildauer<br />
Diese Daten werden zur Aufrechterhaltung der Funktionsfähigkeit des Internetangebotes erhoben und im Bedarfsfall zur internen Fehlersuche ausgewertet. Die Verarbeitung erfolgt dabei gemäß § 4 Abs. 1 Datenschutzgesetz M-V i.V.m. Art. 6 Abs. 1 lit. e) DSGVO. Die Daten werden für 7 Tage gespeichert und anschließend automatisch gelöscht. Im Falle eines Angriffes auf unser Internetangebot werden die betreffenden Protokolldaten an die zuständigen Strafverfolgungsbehörden weitergegeben.</li>
<li>A<strong><strong>llgemeiner Hinweis zur Datenverarbeitung in der Schule<br />
</strong></strong>Im Rahmen unserer Aufgabenerfüllung verarbeiten wir Ihre personenbezogenen Daten ausschließlich für Zwecke, die sich aus einer Rechtsnorm ergeben und zu denen wir verpflichtet oder berechtigt sind (Art. 6 Abs. 1 lit. c) und e) DSGVO i.V.m. beispielsweise § 70 Schulgesetz MV). Darüber hinaus können wir personenbezogene Daten aufgrund einer von Ihnen abgegebenen Einwilligungserklärung verarbeiten (Art. 6 Abs. 1 lit. a), Art. 7 f. DSGVO). Wir sind in bestimmten Fällen gesetzlich berechtigt bzw. verpflichtet, personenbezogene Daten an Dritte zu übermitteln (z. B. beim Schulwechsel). Darüber hinaus kann eine Übermittlung auch aufgrund einer Einwilligung erfolgen. Wir speichern Ihre personenbezogenen Daten solange sie zur Aufgabenerfüllung erforderlich sind. Danach werden die Daten innerhalb einer angemessenen Frist und unter Beachtung der gesetzlichen Aufbewahrungsfristen gelöscht bzw. vernichtet. Eine längere Speicherung ist für Archivzwecke zulässig. Informationen zu einzelnen Datenverarbeitungsvorgängen entnehmen Sie bitte den folgenden Hinweisen:- Postanschriften und E-Mail-Adressen, die Sie uns im Rahmen einer Anfrage oder einer Bestellung von Informationsmaterial mitteilen, verwenden wir ausschließlich für den Versand bzw. die Korrespondenz mit Ihnen.Eine Weitergabe personenbezogener Daten an Dritte findet in diesem Fall nicht statt.Wenn Sie eine E-Mail mit schutzwürdigem Inhalt an uns senden wollen, so empfehlen wir dringend, diese zu verschlüsseln, um eine unbefugte Kenntnisnahme und Verfälschung auf dem Übertragungsweg zu verhindern. Alternativ können Sie uns auch postalisch kontaktieren. Als Betroffener stehen Ihnen die folgenden Rechte zu, soweit die gesetzlichen Voraussetzungen dafür erfüllt sind:<br />
&#8211; Recht auf Auskunft, Art. 15 DSGVO<br />
&#8211; Recht auf Berichtigung, Art. 16 DSGVO<br />
&#8211; Recht auf Löschung, Art. 17 DSGVO<br />
&#8211; Recht auf Einschränkung der Verarbeitung, Art. 18 DSGVO<br />
&#8211; Recht auf Datenübertragbarkeit, Art. 20 DSGVO<br />
&#8211; Widerspruchsrecht, Art. 21 DSGVO</li>
</ol>
<p>Soweit eine Datenverarbeitung auf Ihrer freiwilligen Einwilligung beruht, besitzen Sie das Recht, diese jederzeit mit Wirkung für die Zukunft zu widerrufen.</p>
<p>Sie haben das Recht Beschwerden beim Landesbeauftragten für Datenschutz und Informationsfreiheit Mecklenburg-Vorpommern zu erheben.<br />
Postanschrift:<br />
Schloss Schwerin<br />
Lennéstraße 1<br />
19053 Schwerin<br />
Telefon: 0385 594940<br />
E-Mail: <a href="mailto:info@datenschutz-mv.de">info@datenschutz-mv.de</a><br />
Internetauftritt: <a href="http://www.datenschutz-mv.de">www.datenschutz-mv.de</a></p>

<p>Gemäß Artikel 13 Abs. 1 und 2 der EU-Datenschutzgrundverordnung (DSGVO) werden Sie an dieser Stelle darüber informiert, welche Daten wir von Ihnen bei der Nutzung unserer Internetdienste erheben und verarbeiten. Datenverarbeitende Stelle Regionale Schule mit Grundschule Niepars „Prof. Gustav Pflugradt“ Schulleiterin Frau B. Berndt Gartenstraße 86 18442 Niepars Telefon: 038321 310 E-Mail: mail@schule-niepars.de Datenschutzbeauftragter Zweckverband Elektronische Verwaltung in Mecklenburg-Vorpommern Gemeinsamer Datenschutzbeauftragter an Schulen Herr Dipl.-Päd. Lars Hödel Eckdrift 103 19061 Schwerin Telefon: 03834 3450350 Fax: 0385 77334728 E-Mail: datenschutz-schule@ego-mv.de Protokollierung der Nutzung unserer Internetseiten Unsere Internetseiten dienen der allgemeinen Informationsbereitstellung von Schulinhalten, Ereignissen und Kontaktdaten. Falls Sie sich lediglich informieren <a href="https://www.schule-niepars.de/?page_id=2674" class="read-more">&#8230; Weiterlesen &#8230;</a></p>
