{"id":7911,"date":"2026-03-16T08:30:29","date_gmt":"2026-03-16T07:30:29","guid":{"rendered":"https:\/\/www.schule-niepars.de\/?page_id=7911"},"modified":"2026-03-16T09:31:28","modified_gmt":"2026-03-16T08:31:28","slug":"schulsozialarbeit-kontakt-3","status":"publish","type":"page","link":"https:\/\/www.schule-niepars.de\/?page_id=7911","title":{"rendered":"Kontakt"},"content":{"rendered":"<h3 style=\"text-align: left;\">Liebe Sch\u00fcler und Sch\u00fclerinnen,<\/h3>\n<h3 style=\"text-align: center;\">Liebe Eltern und Sorgeberechtigten,<\/h3>\n<h3 style=\"text-align: right;\">Liebe Kooperationspartner und Interessierte,<\/h3>\n<p>Mein Name ist Sylvia Rasser und ich bin die Schulsozialarbeiterin an der Regionalen Schule \u201eProf. Gustav Pflugradt\u201c in Niepars. Die Schulsozialarbeit wird durch das Jugendhaus Storchennest e.V. getragen und durch Mittel der Europ\u00e4ischen Union kofinanziert.<\/p>\n<p>Schule ist nicht nur ein Lernort, sondern auch ein wichtiger Lebensraum f\u00fcr Kinder und Jugendliche. In meiner Arbeit begleite und unterst\u00fctze ich Sch\u00fclerinnen und Sch\u00fcler in ihrer pers\u00f6nlichen, sozialen, schulischen und beruflichen Entwicklung. Dabei arbeite ich eng mit Eltern, Lehrkr\u00e4ften und Netzwerkpartner*innen zusammen.<\/p>\n<p>Die Schulsozialarbeit versteht sich als Bindeglied zwischen Schule, Familie und Jugendhilfe und bietet Unterst\u00fctzung bei unterschiedlichen Herausforderungen des Schulalltags. Gespr\u00e4che sind grunds\u00e4tzlich freiwillig und vertraulich.<\/p>\n<p>&nbsp;<\/p>\n<p><strong>Wobei ich unterst\u00fctzen kann:<\/strong><\/p>\n<p>Schulsozialarbeit bietet Beratung, Begleitung und Unterst\u00fctzung bei vielen Themen, zum Beispiel:<\/p>\n<ul>\n<li>Konflikte mit Mitsch\u00fcler*innen oder im Klassenverband<\/li>\n<li>Schwierigkeiten im Schulalltag oder Lernprobleme<\/li>\n<li>pers\u00f6nliche Sorgen oder Herausforderungen im famili\u00e4ren Umfeld<\/li>\n<li>Mobbing, Stress oder soziale Konflikte<\/li>\n<li>Fragen zur Zukunft, Ausbildung und Berufsorientierung<\/li>\n<\/ul>\n<p>Dar\u00fcber hinaus unterst\u00fctze ich Sch\u00fclerinnen und Sch\u00fcler auch dann, wenn sie einfach jemanden zum Reden brauchen.<\/p>\n<p><strong>Inhalte meiner Arbeit:<\/strong><\/p>\n<ul>\n<li>Beratung und Einzelfallhilfe f\u00fcr Sch\u00fclerinnen und Sch\u00fcler, Eltern und Lehrkr\u00e4fte<\/li>\n<li>Pr\u00e4ventionsangebote und Projekte (z. B. zu Themen wie Mobbing, Medien, Gewaltpr\u00e4vention oder Kommunikation)<\/li>\n<li>sexualp\u00e4dagogische Beratung und Pr\u00e4ventionsarbeit zu Themen wie Beziehungen, K\u00f6rper, Grenzen und Selbstbestimmung<\/li>\n<li>soziales Lernen und Gruppenangebote zur St\u00e4rkung sozialer Kompetenzen<\/li>\n<li>Berufsorientierung und Unterst\u00fctzung beim \u00dcbergang Schule \u2013 Beruf<\/li>\n<li>Unterst\u00fctzung bei Konflikten sowie Vermittlung an Beratungsstellen oder Fachdienste<\/li>\n<li>Mitwirkung an schulischen Projekten und Zusammenarbeit mit externen Netzwerkpartner*innen<\/li>\n<\/ul>\n<p><strong>Mein fachlicher Hintergrund:<\/strong><\/p>\n<p>Ich bin staatlich anerkannte Erzieherin und verf\u00fcge \u00fcber langj\u00e4hrige Erfahrung in der Arbeit mit Kindern, Jugendlichen und Familien in unterschiedlichen Bereichen der Kinder- und Jugendhilfe.<\/p>\n<p>Ein wichtiger Teil meiner beruflichen T\u00e4tigkeit war meine Arbeit im Berufsbildungswerk Greifswald, in dem ich junge Menschen mit psychischen und k\u00f6rperlichen Beeintr\u00e4chtigungen im Rahmen der beruflichen Vorbereitung und Ausbildung begleitet habe. Dabei standen insbesondere die sozialp\u00e4dagogische Begleitung, Pr\u00e4ventionsarbeit sowie die F\u00f6rderung von Selbstst\u00e4ndigkeit und sozialen Kompetenzen im Mittelpunkt.<\/p>\n<p>In diesem Kontext habe ich mich zur zertifizierten Sexualp\u00e4dagogin und Sexualberaterin (Institut f\u00fcr Sexualp\u00e4dagogik) weitergebildet und Pr\u00e4ventionsangebote zu Themen wie Sexualit\u00e4t, Grenzen, Beziehungen und Schutz vor Gewalt umgesetzt.<\/p>\n<p>Dar\u00fcber hinaus war ich im Bereich der ambulanten Hilfen zur Erziehung t\u00e4tig und zuletzt als p\u00e4dagogische Leitung f\u00fcr ambulante Hilfe zur Erziehung verantwortlich. In dieser T\u00e4tigkeit geh\u00f6rten neben der Koordination sozialp\u00e4dagogischer Hilfen auch Einzelfallarbeit mit Familien, Integrationshilfen im schulischen Kontext sowie Netzwerkarbeit zu meinem Aufgabenfeld.<\/p>\n<p>Zus\u00e4tzlich bin ich insoweit erfahrene Fachkraft im Kinderschutz (InsoFa).<\/p>\n<p>Durch meine Erfahrungen in Jugendhilfe, Pr\u00e4vention, Beratung und Familienarbeit bringe ich ein breites fachliches Spektrum mit, das ich in meine Arbeit als Schulsozialarbeiterin einbringe.<\/p>\n<p>&nbsp;<\/p>\n<p><b>Erreichbarkeit:<\/b><\/p>\n<p>F\u00fcr Sch\u00fclerinnen und Sch\u00fcler bin ich in der Regel <b>Montag bis Freitag von 07:30 \u2013 16:00 Uhr <\/b>in der Schule erreichbar.<br \/>\nAbweichungen werden im Schaukasten bekannt gegeben. \u00c4nderungen vorbehalten.<\/p>\n<p>Termine f\u00fcr Gespr\u00e4che mit Eltern oder Lehrkr\u00e4ften k\u00f6nnen nach vorheriger Absprache vereinbart werden.<\/p>\n<p><b>B\u00fcro:<\/b> Raum 134<\/p>\n<p><b>Telefon:<\/b> +49 155 60 92 12 05<\/p>\n<p><b>E-Mail:<\/b><br \/>\nssa-niepars@jugendhaus-storchennest.de<br \/>\n<span style=\"color: #0563c1;\"><a href=\"mailto:rasser@schule-niepars.de\"><span style=\"color: #000000;\">rasser@schule-niepars.de<\/span><\/a><\/span><\/p>\n<p>Ich freue mich auf eine gute Zusammenarbeit und darauf, Sch\u00fclerinnen und Sch\u00fcler auf ihrem Weg zu begleiten und zu unterst\u00fctzen.<\/p>\n<p>Sylvia Rasser<br \/>\nSchulsozialarbeiterin<br \/>\nRegionale Schule Niepars<\/p>\n<p>&nbsp;<\/p>\n<p><img loading=\"lazy\" decoding=\"async\" class=\" wp-image-5046 alignleft\" src=\"https:\/\/www.schule-niepars.de\/wp-content\/uploads\/2021\/04\/ESF-Logo_1.jpg\" alt=\"\" width=\"160\" height=\"147\" \/><\/p>\n<p><img loading=\"lazy\" decoding=\"async\" class=\" wp-image-5047 alignleft\" src=\"https:\/\/www.schule-niepars.de\/wp-content\/uploads\/2021\/04\/logo-landkreis.jpg\" alt=\"\" width=\"219\" height=\"155\" \/><\/p>\n<p><img loading=\"lazy\" decoding=\"async\" class=\" wp-image-5048 alignleft\" src=\"https:\/\/www.schule-niepars.de\/wp-content\/uploads\/2021\/04\/logo-storchennest.jpg\" alt=\"\" width=\"132\" height=\"158\" \/><\/p>\n<p>&nbsp;<\/p>\n","protected":false},"excerpt":{"rendered":"<p>Liebe Sch\u00fcler und Sch\u00fclerinnen, Liebe Eltern und Sorgeberechtigten, Liebe Kooperationspartner und Interessierte, Mein Name ist Sylvia Rasser und ich bin die Schulsozialarbeiterin an der Regionalen Schule \u201eProf. Gustav Pflugradt\u201c in Niepars. Die Schulsozialarbeit wird durch das Jugendhaus Storchennest e.V. getragen und durch Mittel der Europ\u00e4ischen Union kofinanziert. Schule ist nicht nur ein Lernort, sondern auch ein wichtiger Lebensraum f\u00fcr Kinder und Jugendliche. In meiner Arbeit begleite und unterst\u00fctze ich Sch\u00fclerinnen und Sch\u00fcler in ihrer pers\u00f6nlichen, sozialen, schulischen und beruflichen Entwicklung. Dabei arbeite ich eng mit Eltern, Lehrkr\u00e4ften und Netzwerkpartner*innen zusammen. Die Schulsozialarbeit versteht sich als Bindeglied zwischen Schule, Familie und <a href=\"https:\/\/www.schule-niepars.de\/?page_id=7911\" class=\"read-more\">&#8230; Weiterlesen &#8230;<\/a><\/p>\n","protected":false},"author":1,"featured_media":0,"parent":0,"menu_order":0,"comment_status":"closed","ping_status":"closed","template":"","meta":{"footnotes":""},"class_list":["post-7911","page","type-page","status-publish","hentry"],"_links":{"self":[{"href":"https:\/\/www.schule-niepars.de\/index.php?rest_route=\/wp\/v2\/pages\/7911","targetHints":{"allow":["GET"]}}],"collection":[{"href":"https:\/\/www.schule-niepars.de\/index.php?rest_route=\/wp\/v2\/pages"}],"about":[{"href":"https:\/\/www.schule-niepars.de\/index.php?rest_route=\/wp\/v2\/types\/page"}],"author":[{"embeddable":true,"href":"https:\/\/www.schule-niepars.de\/index.php?rest_route=\/wp\/v2\/users\/1"}],"replies":[{"embeddable":true,"href":"https:\/\/www.schule-niepars.de\/index.php?rest_route=%2Fwp%2Fv2%2Fcomments&post=7911"}],"version-history":[{"count":5,"href":"https:\/\/www.schule-niepars.de\/index.php?rest_route=\/wp\/v2\/pages\/7911\/revisions"}],"predecessor-version":[{"id":8145,"href":"https:\/\/www.schule-niepars.de\/index.php?rest_route=\/wp\/v2\/pages\/7911\/revisions\/8145"}],"wp:attachment":[{"href":"https:\/\/www.schule-niepars.de\/index.php?rest_route=%2Fwp%2Fv2%2Fmedia&parent=7911"}],"curies":[{"name":"wp","href":"https:\/\/api.w.org\/{rel}","templated":true}]}}

<h3 style="text-align: left;">Liebe Schüler und Schülerinnen,</h3>
<h3 style="text-align: center;">Liebe Eltern und Sorgeberechtigten,</h3>
<h3 style="text-align: right;">Liebe Kooperationspartner und Interessierte,</h3>
<p>Mein Name ist Sylvia Rasser und ich bin die Schulsozialarbeiterin an der Regionalen Schule „Prof. Gustav Pflugradt“ in Niepars. Die Schulsozialarbeit wird durch das Jugendhaus Storchennest e.V. getragen und durch Mittel der Europäischen Union kofinanziert.</p>
<p>Schule ist nicht nur ein Lernort, sondern auch ein wichtiger Lebensraum für Kinder und Jugendliche. In meiner Arbeit begleite und unterstütze ich Schülerinnen und Schüler in ihrer persönlichen, sozialen, schulischen und beruflichen Entwicklung. Dabei arbeite ich eng mit Eltern, Lehrkräften und Netzwerkpartner*innen zusammen.</p>
<p>Die Schulsozialarbeit versteht sich als Bindeglied zwischen Schule, Familie und Jugendhilfe und bietet Unterstützung bei unterschiedlichen Herausforderungen des Schulalltags. Gespräche sind grundsätzlich freiwillig und vertraulich.</p>
<p>&nbsp;</p>
<p><strong>Wobei ich unterstützen kann:</strong></p>
<p>Schulsozialarbeit bietet Beratung, Begleitung und Unterstützung bei vielen Themen, zum Beispiel:</p>
<ul>
<li>Konflikte mit Mitschüler*innen oder im Klassenverband</li>
<li>Schwierigkeiten im Schulalltag oder Lernprobleme</li>
<li>persönliche Sorgen oder Herausforderungen im familiären Umfeld</li>
<li>Mobbing, Stress oder soziale Konflikte</li>
<li>Fragen zur Zukunft, Ausbildung und Berufsorientierung</li>
</ul>
<p>Darüber hinaus unterstütze ich Schülerinnen und Schüler auch dann, wenn sie einfach jemanden zum Reden brauchen.</p>
<p><strong>Inhalte meiner Arbeit:</strong></p>
<ul>
<li>Beratung und Einzelfallhilfe für Schülerinnen und Schüler, Eltern und Lehrkräfte</li>
<li>Präventionsangebote und Projekte (z. B. zu Themen wie Mobbing, Medien, Gewaltprävention oder Kommunikation)</li>
<li>sexualpädagogische Beratung und Präventionsarbeit zu Themen wie Beziehungen, Körper, Grenzen und Selbstbestimmung</li>
<li>soziales Lernen und Gruppenangebote zur Stärkung sozialer Kompetenzen</li>
<li>Berufsorientierung und Unterstützung beim Übergang Schule – Beruf</li>
<li>Unterstützung bei Konflikten sowie Vermittlung an Beratungsstellen oder Fachdienste</li>
<li>Mitwirkung an schulischen Projekten und Zusammenarbeit mit externen Netzwerkpartner*innen</li>
</ul>
<p><strong>Mein fachlicher Hintergrund:</strong></p>
<p>Ich bin staatlich anerkannte Erzieherin und verfüge über langjährige Erfahrung in der Arbeit mit Kindern, Jugendlichen und Familien in unterschiedlichen Bereichen der Kinder- und Jugendhilfe.</p>
<p>Ein wichtiger Teil meiner beruflichen Tätigkeit war meine Arbeit im Berufsbildungswerk Greifswald, in dem ich junge Menschen mit psychischen und körperlichen Beeinträchtigungen im Rahmen der beruflichen Vorbereitung und Ausbildung begleitet habe. Dabei standen insbesondere die sozialpädagogische Begleitung, Präventionsarbeit sowie die Förderung von Selbstständigkeit und sozialen Kompetenzen im Mittelpunkt.</p>
<p>In diesem Kontext habe ich mich zur zertifizierten Sexualpädagogin und Sexualberaterin (Institut für Sexualpädagogik) weitergebildet und Präventionsangebote zu Themen wie Sexualität, Grenzen, Beziehungen und Schutz vor Gewalt umgesetzt.</p>
<p>Darüber hinaus war ich im Bereich der ambulanten Hilfen zur Erziehung tätig und zuletzt als pädagogische Leitung für ambulante Hilfe zur Erziehung verantwortlich. In dieser Tätigkeit gehörten neben der Koordination sozialpädagogischer Hilfen auch Einzelfallarbeit mit Familien, Integrationshilfen im schulischen Kontext sowie Netzwerkarbeit zu meinem Aufgabenfeld.</p>
<p>Zusätzlich bin ich insoweit erfahrene Fachkraft im Kinderschutz (InsoFa).</p>
<p>Durch meine Erfahrungen in Jugendhilfe, Prävention, Beratung und Familienarbeit bringe ich ein breites fachliches Spektrum mit, das ich in meine Arbeit als Schulsozialarbeiterin einbringe.</p>
<p>&nbsp;</p>
<p><b>Erreichbarkeit:</b></p>
<p>Für Schülerinnen und Schüler bin ich in der Regel <b>Montag bis Freitag von 07:30 – 16:00 Uhr </b>in der Schule erreichbar.<br />
Abweichungen werden im Schaukasten bekannt gegeben. Änderungen vorbehalten.</p>
<p>Termine für Gespräche mit Eltern oder Lehrkräften können nach vorheriger Absprache vereinbart werden.</p>
<p><b>Büro:</b> Raum 134</p>
<p><b>Telefon:</b> +49 155 60 92 12 05</p>
<p><b>E-Mail:</b><br />
ssa-niepars@jugendhaus-storchennest.de<br />
<span style="color: #0563c1;"><a href="mailto:rasser@schule-niepars.de"><span style="color: #000000;">rasser@schule-niepars.de</span></a></span></p>
<p>Ich freue mich auf eine gute Zusammenarbeit und darauf, Schülerinnen und Schüler auf ihrem Weg zu begleiten und zu unterstützen.</p>
<p>Sylvia Rasser<br />
Schulsozialarbeiterin<br />
Regionale Schule Niepars</p>
<p>&nbsp;</p>
<p><img loading="lazy" decoding="async" class=" wp-image-5046 alignleft" src="https://www.schule-niepars.de/wp-content/uploads/2021/04/ESF-Logo_1.jpg" alt="" width="160" height="147" /></p>
<p><img loading="lazy" decoding="async" class=" wp-image-5047 alignleft" src="https://www.schule-niepars.de/wp-content/uploads/2021/04/logo-landkreis.jpg" alt="" width="219" height="155" /></p>
<p><img loading="lazy" decoding="async" class=" wp-image-5048 alignleft" src="https://www.schule-niepars.de/wp-content/uploads/2021/04/logo-storchennest.jpg" alt="" width="132" height="158" /></p>
<p>&nbsp;</p>

<p>Liebe Schüler und Schülerinnen, Liebe Eltern und Sorgeberechtigten, Liebe Kooperationspartner und Interessierte, Mein Name ist Sylvia Rasser und ich bin die Schulsozialarbeiterin an der Regionalen Schule „Prof. Gustav Pflugradt“ in Niepars. Die Schulsozialarbeit wird durch das Jugendhaus Storchennest e.V. getragen und durch Mittel der Europäischen Union kofinanziert. Schule ist nicht nur ein Lernort, sondern auch ein wichtiger Lebensraum für Kinder und Jugendliche. In meiner Arbeit begleite und unterstütze ich Schülerinnen und Schüler in ihrer persönlichen, sozialen, schulischen und beruflichen Entwicklung. Dabei arbeite ich eng mit Eltern, Lehrkräften und Netzwerkpartner*innen zusammen. Die Schulsozialarbeit versteht sich als Bindeglied zwischen Schule, Familie und <a href="https://www.schule-niepars.de/?page_id=7911" class="read-more">&#8230; Weiterlesen &#8230;</a></p>
